ommon divisor of 59982 and 12.
6
Calculate the greatest common factor of 27676 and 148.
148
What is the greatest common factor of 13750 and 950?
50
Calculate the greatest common factor of 24240 and 3240.
120
Calculate the highest common factor of 2028 and 6708.
156
Calculate the greatest common factor of 5478 and 186418.
166
Calculate the highest common divisor of 720 and 42580.
20
What is the highest common divisor of 275320 and 88?
8
What is the highest common factor of 1240 and 25265?
155
Calculate the greatest common divisor of 2828 and 2.
2
Calculate the highest common factor of 2825944 and 748.
748
What is the highest common factor of 32012 and 1166?
106
What is the greatest common factor of 56 and 200936?
8
What is the highest common factor of 5928 and 7368?
24
What is the highest common factor of 88 and 24772?
44
What is the greatest common factor of 279610 and 40?
10
What is the greatest common factor of 58847 and 9926?
709
Calculate the greatest common factor of 65953 and 1313.
101
Calculate the highest common factor of 457 and 7.
1
Calculate the greatest common factor of 1224 and 5844.
12
What is the highest common divisor of 54125 and 1732?
433
What is the highest common factor of 10212 and 1196?
92
What is the greatest common factor of 672 and 34992?
48
Calculate the greatest common divisor of 134 and 420224.
134
What is the highest common divisor of 23394 and 5754?
42
Calculate the greatest common factor of 89 and 786671.
89
Calculate the greatest common divisor of 315 and 997800.
15
Calculate the highest common divisor of 17 and 28373.
17
What is the greatest common divisor of 121864 and 48?
8
What is the highest common factor of 50112 and 768?
192
Calculate the highest common divisor of 240156 and 24.
12
Calculate the highest common factor of 873194 and 388.
194
What is the greatest common factor of 340 and 14220?
20
What is the highest common factor of 2 and 67201?
1
What is the greatest common factor of 5 and 132485?
5
What is the greatest common divisor of 116 and 174584?
4
Calculate the highest common factor of 7806 and 255.
3
What is the highest common factor of 1777 and 10681547?
1777
Calculate the greatest common divisor of 12863 and 106289.
677
What is the greatest common factor of 1650 and 8371?
11
What is the highest common factor of 2800 and 781375?
175
What is the greatest common factor of 590196 and 12?
12
What is the highest common divisor of 520 and 4940?
260
What is the highest common factor of 328304 and 142?
142
What is the greatest common divisor of 41445 and 5535?
135
Calculate the highest common factor of 305 and 50445.
5
What is the greatest common factor of 8598 and 480?
6
What is the greatest common divisor of 5577 and 297?
33
What is the highest common factor of 9660 and 5244?
276
Calculate the greatest common factor of 9 and 187677.
9
What is the highest common divisor of 5735 and 27745?
155
What is the highest common divisor of 33165 and 23265?
495
What is the greatest common factor of 213765 and 15?
15
Calculate the greatest common divisor of 3624 and 408.
24
What is the highest common factor of 11873 and 31?
31
Calculate the greatest common divisor of 48 and 75008.
16
What is the highest common divisor of 1232 and 352?
176
Calculate the greatest common factor of 39 and 155792.
13
What is the highest common divisor of 660252 and 18?
6
What is the greatest common factor of 52170 and 2479?
37
What is the highest common factor of 7752 and 16701?
57
Calculate the greatest common divisor of 78790 and 10.
10
Calculate the highest common factor of 28 and 25548.
4
Calculate the highest common divisor of 28 and 788.
4
What is the greatest common factor of 4362 and 2004?
6
Calculate the highest common factor of 16128 and 1376.
32
Calculate the highest common factor of 27 and 1152720.
9
What is the highest common divisor of 2283 and 643045?
761
What is the highest common factor of 634422 and 1290?
258
Calculate the highest common factor of 11895525 and 225.
225
Calculate the highest common divisor of 1035 and 116334.
207
Calculate the highest common factor of 322710 and 75.
15
Calculate the greatest common divisor of 29008 and 22718.
74
What is the highest common divisor of 178 and 17?
1
What is the greatest common factor of 15872534 and 118?
118
What is the greatest common divisor of 352 and 78056?
88
Calculate the highest common divisor of 41112 and 252.
36
What is the greatest common factor of 1134 and 417393?
81
Calculate the greatest common factor of 41337 and 54.
27
Calculate the highest common factor of 2464 and 4708.
44
Calculate the highest common divisor of 10735 and 9040.
565
What is the greatest common factor of 36 and 20934?
18
What is the greatest common factor of 106 and 6251350?
106
Calculate the highest common factor of 12 and 56106.
6
What is the greatest common factor of 247 and 42913?
13
What is the highest common factor of 3151 and 225639?
137
What is the greatest common factor of 40225 and 50?
25
Calculate the highest common divisor of 735 and 69440.
35
Calculate the highest common factor of 10149 and 3781.
199
Calculate the greatest common divisor of 15352 and 152.
152
Calculate the highest common divisor of 55 and 28369.
11
What is the greatest common factor of 155 and 9889?
31
Calculate the greatest common factor of 8178 and 696.
174
Calculate the highest common factor of 16530 and 98610.
570
What is the highest common divisor of 33 and 201363?
3
What is the greatest common divisor of 5761 and 376111?
823
What is the highest common divisor of 10080 and 236320?
1120
What is the greatest common divisor of 624 and 1329744?
624
What is the greatest common divisor of 2860 and 4420?
260
Calculate the greatest common divisor of 10 and 22530.
10
What is the greatest common divisor of 790 and 181305?
395
Calculate the greatest common divisor of 18724 and 36844.
604
What is the greatest common divisor of 826 and 12060013?
413
Calculate the highest common factor of 12397 and 121693.
253
Calculate the greatest common factor of 3881305 and 241.
241
What is the highest common factor of 36074 and 187?
17
Calculate the highest common factor of 16059 and 4293.
159
Calculate the greatest common factor of 11731699 and 1681.
1681
Calculate the greatest common factor of 33375 and 975.
75
Calculate the highest common divisor of 399324 and 10272.
1284
What is the highest common divisor of 48 and 3674568?
24
Calculate the highest common factor of 38115 and 11025.
315
Calculate the greatest common divisor of 3464 and 4008.
8
Calculate the highest common divisor of 90 and 95330.
10
Calculate the greatest common factor of 3131 and 186.
31
Calculate the greatest common divisor of 305 and 17751.
61
Calculate the highest common divisor of 12913 and 3839.
349
What is the greatest common divisor of 28296 and 11574?
18
Calculate the highest common divisor of 36225 and 245.
35
Calculate the greatest common divisor of 13292 and 4.
4
Calculate the highest common divisor of 2832 and 3216.
48
What is the highest common factor of 42 and 692538?
42
Calculate the highest common divisor of 576 and 1240.
8
Calculate the highest common divisor of 9 and 25371.
9
What is the greatest common divisor of 1592346 and 105?
21
Calculate the greatest common divisor of 69300 and 108.
36
Calculate the highest common divisor of 144 and 34192.
16
What is the highest common factor of 1458 and 12162?
6
Calculate the greatest common factor of 846766 and 166.
166
What is the highest common factor of 21183 and 260643?
921
What is the highest common factor of 47672 and 2828?
404
Calculate the highest common divisor of 2134 and 1690.
2
What is the highest common divisor of 685221 and 994?
71
What is the greatest common divisor of 141570 and 54?
18
What is the greatest common divisor of 99 and 679437?
99
Calculate the highest common divisor of 299 and 14674.
23
What is the greatest common factor of 125879 and 161?
23
Calculate the highest common factor of 105 and 6335.
35
What is the highest common divisor of 209 and 110941?
19
What is the greatest common divisor of 312 and 316056?
312
What is the highest common factor of 9223 and 6601?
23
What is the greatest common divisor of 497118 and 1160?
58
Calculate the greatest common factor of 1054938 